 Suppose -11 = -6*l + 7. Suppose l*k + 3*a - 198 = 0, -4*k + 338 = 2*a + 66. What is the greatest common factor of k and v?
14
Let b(q) = 12*q + 402. Let c be b(17). What is the greatest common factor of c and 24?
6
Suppose -12*s + 37071 = -945. What is the greatest common factor of 36 and s?
36
Suppose 40 = -5*c, 2*a - 714 = -9*c + 6*c. What is the greatest common divisor of a and 81?
9
Let v be -1 + (-15)/2*(-76)/57. Calculate the greatest common factor of 153 and v.
9
Let q(n) = -37*n**2 + 44*n + 91. Let b(m) = 13*m**2 - 14*m - 30. Let c(j) = 17*b(j) + 6*q(j). Let y be c(20). What is the greatest common factor of 60 and y?
12
Let l(y) = -y**3 + 14*y**2 + 33*y + 2. Let g be -2 + 19 + -1 + 0/1. Let s be l(g). What is the greatest common factor of 2 and s?
2
Let t = 170 + 14. Let z = 269 - t. Suppose q = z - 19. Calculate the greatest common divisor of q and 6.
6
Let u(w) = -1124*w + 421. Let y be u(-33). What is the highest common factor of y and 161?
161
Let w be 150*((-10)/(-35))/((-24)/(-42)). Suppose -w*o + 66*o + 522 = 0. Calculate the greatest common divisor of o and 6.
2
Let s be 4/34 + 11/((-1496)/(-1072)). Let m be (10500/63)/(s/12). Calculate the highest common factor of m and 10.
10
Suppose 34933 = h + n - 8675, -174435 = -4*h - 5*n. Calculate the highest common divisor of 45 and h.
45
Let b be (-4)/(-5 + 1) + 1. Suppose -b*f + 4*a = -8, 2 = f - 4*a + a. Let c be 5 - 3 - -5 - -1. What is the highest common divisor of c and f?
8
Suppose 3*l + 10*n - 7*n - 33 = 0, 3*l = n + 53. Calculate the greatest common factor of 236 and l.
4
Let i = 35354 - 23389. Calculate the greatest common divisor of 5 and i.
5
Suppose -5*g + 25 = 2*v, 4*v - 6*v + 15 = 3*g. Suppose 36 = 5*q - v*s - 2*s, 4*s = -q + 16. Calculate the greatest common factor of q and 568.
8
Let k(f) = -4*f - 8*f - 22 + 16*f + 16*f**2 - 2*f. Let j be k(4). What is the highest common factor of 22 and j?
22
Let y = 542 + -533. Let m be (0 - (-52)/12)*y. Calculate the greatest common divisor of m and 3.
3
Let f be 73/((-47523)/(-11676)) - 10/(-155). Let t(i) = -185*i + 3. Let o be t(-3). Calculate the highest common divisor of f and o.
18
Let r(o) = -o**2 + 12*o - 22. Let a be r(9). Suppose -a*v + 35 = 5*h, 0 = -4*v + 7*v + 4*h - 19. What is the highest common factor of 21 and v?
3
Let r = -739 + 742. Let d = r - -100. What is the greatest common factor of 206 and d?
103
Let z = 153 + -100. Suppose 0 = 5*o + p - 337, -4*o + 328 - z = -p. What is the highest common divisor of 4 and o?
4
Suppose 0 = 64*f - 4462 - 5714. Calculate the greatest common divisor of f and 3.
3
Let o be (-19 + 10)*5/15. Let m be o/(24/208*-2). What is the greatest common divisor of 52 and m?
13
Let b(y) = -122*y - 5 + 34*y - 323*y. Let k be b(-1). What is the greatest common divisor of 14 and k?
14
Suppose 0 = 7*t - 36 - 6. Suppose w = -70 + 75, 3*i - 229 = w. Calculate the highest common divisor of i and t.
6
Let z(u) = u**2 - 3*u + 5. Let y be z(4). Let c be (6 - y)*(1 - -25). Let s be c/(-18) + -4 + 82/6. What is the highest common factor of s and 7?
7
Let o be 43 + 0 + (-9 - ((1 - 5) + -2)). Calculate the highest common factor of 6460 and o.
20
Let c = 99 - -11. Let a = -94 + c. What is the greatest common divisor of a and 20?
4
Let i(v) = -2*v**2 + v + 4. Let f(o) = -3*o**2 + 2*o + 5. Let l(x) = -6*f(x) + 7*i(x). Let j be l(2). Calculate the highest common factor of j and 50.
2
Suppose -2071 = 27*q + 3464. Let i = -35 - q. What is the greatest common factor of i and 20?
10
Suppose 0 = -54*c - 251*c + 151280. Calculate the highest common divisor of 1072 and c.
16
Let a(b) = -50 - 29 - 43 + 18 + 18 - 6*b. Let r be a(-15). Let w(n) = n**3 - 6*n**2 - 5*n + 2. Let l be w(7). What is the highest common divisor of r and l?
4
Suppose -d + 4*o - 2 = 3, 4*d - 2*o - 8 = 0. Let z(h) = 59*h - 34. Let f be z(d). Calculate the highest common divisor of 13 and f.
13
Let u = -25 + 8. Let y = u - -20. Let k be (18 - -1)/(-2 + y). Calculate the highest common factor of k and 152.
19
Let v(k) be the second derivative of -5*k**3/6 + k**2/2 - 11*k. Let p be v(3). Let s be p + 18 + (-6)/(-1). Calculate the highest common factor of s and 1.
1
Suppose -4*h - 2*f + 1456 = 0, -4*f = 14*h - 15*h + 373. Calculate the highest common factor of h and 5.
5
Let x(f) = f**2 - 17*f + 31. Let v be (1 - 31)/((-12)/8). Let q = 35 - v. Let i be x(q). What is the greatest common factor of 1 and i?
1
Suppose w - 5 = 0, 4*m - 5*w = -2*w - 7. Suppose 4*f = -3*h + 112, m*f + 66 = 4*f + 4*h. Calculate the highest common divisor of f and 100.
25
Let r be (-6)/(-9)*3/(-6)*-393. Let n = r + -118. Calculate the highest common factor of 117 and n.
13
Let s(y) = -y**3 - 15*y**2 + 32*y - 32. Let k be s(-17). Suppose -3*z + 140 = -2*z - 4*l, k*l = -2*z + 290. What is the greatest common factor of z and 108?
36
Suppose 0 = 23*j - 1247 + 764. What is the greatest common factor of 6475 and j?
7
Let l be -3 - 3*17*20/(-30). Suppose -2*c + 151 - l = 0. What is the greatest common factor of c and 135?
15
Let b(a) = a**2 - 4*a - 102. Let m be b(-12). What is the highest common divisor of 162 and m?
18
Let b = 870 - 885. Suppose -5*d - 220 - 100 = 0. Let x = b - d. Calculate the greatest common divisor of x and 343.
49
Suppose 20 = -241*c + 246*c. Suppose -8*m + c*m + 1904 = 0. Calculate the highest common factor of 136 and m.
68
Suppose -418 = -2*r + 8*r - 3652. Calculate the highest common factor of 49 and r.
49
Suppose 5*h = -0*h + 20. Suppose -h*n - 2*t + 16 = 0, -4*n + t - 4*t = -18. Suppose n*u - u - 2 = 0. Calculate the highest common factor of u and 1.
1
Suppose 5*z + 4*y + 0*y - 72 = 0, -69 = -5*z - 3*y. Let l be (8/z)/(-2)*-48. Let t(j) = -4*j. Let g be t(-6). What is the highest common divisor of g and l?
8
Suppose -676 = -711*h + 698*h. Calculate the greatest common factor of h and 2275.
13
Suppose 0 = -5*l + 2*d + 5, -4*l + 9*d - 6*d - 3 = 0. Suppose -22 - 23 = -l*f. Calculate the greatest common factor of 135 and f.
15
Let a(s) = -3*s**2 - 7*s + 2. Let v be a(-5). Let h = -2356 - -2436. Let c = h + v. What is the highest common divisor of c and 6?
6
Suppose -2767 = -x - 142*h + 141*h, x + 4*h = 2752. What is the greatest common factor of 99 and x?
99
Let l(a) = a**3 + 99*a**2 + 189*a - 170. Let u be l(-97). Calculate the highest common divisor of 1645 and u.
35
Suppose 20664 = -9*i + 27*i. What is the greatest common factor of 410 and i?
82
Let u(s) be the third derivative of -5*s**4/24 - 4*s**3/3 + s**2. Let m be u(-10). What is the greatest common divisor of m and 2?
2
Suppose 4*n + 2*j - 10 = 34, -2*j = n - 14. Let h = 11 - n. Let d = 13 + -8. Calculate the highest common factor of d and h.
1
Let x(b) = -3*b**2 - 25*b + 12. Let u(s) = -s**2 - 9*s + 4. Let i(n) = 17*u(n) - 6*x(n). Let c be i(6). What is the greatest common factor of 154 and c?
14
Suppose 0*t - 7 = -4*x - 5*t, 2*t + 2 = 0. Suppose 3*h + x = 4*h, 3*l - 48 = 2*h. What is the highest common divisor of l and 9?
9
Let a = -276 - -397. What is the greatest common factor of a and 77?
11
Let l be ((-6)/(-9))/((-4)/(-24)). Suppose l*b - 18*b = -1722. Calculate the highest common divisor of b and 9.
3
Let z(i) = i**3 + 2*i**2 - 13*i. Let f be z(4). Suppose 3*h - 20 = -3*y + 64, 2*y - f = h. What is the highest common divisor of y and 288?
24
Let y be 4 - ((10 - -8) + -9) - -5715. Calculate the greatest common divisor of 5 and y.
5
Let s = -179 + 184. Suppose f - 4*f + 15 = 0, s*f = 3*d + 19. What is the greatest common divisor of 2 and d?
2
Let g = 9105 + -6475. Let d be g/6 + 36/(-27). Calculate the greatest common divisor of 19 and d.
19
Let b = -7905 - -8032. What is the highest common divisor of b and 10795?
127
Let a = 171 - 167. Suppose 100 - 212 = -a*t. What is the highest common divisor of t and 21?
7
Let v(c) = 3*c**2 - 38*c + 344. Let j be v(48). What is the highest common divisor of j and 21?
7
Let n = 603 + -423. Suppose -5*v - 7*d = -5*d - 152, -5*v = -5*d - n. Suppose -4*l + 32 = -2*l. What is the highest common factor of l and v?
16
Let g(q) = 4*q**2 - 99*q - 737. Let w be g(-7). What is the highest common divisor of w and 1406?
38
Let t = 2488 + -1147. Calculate the highest common factor of 27 and t.
9
Suppose r + 2 + 3 = 0. Let p be 2 - 0 - (2 + r + 3). Suppose -t = 2, t 